is -6 + 3 + (4 - 2) + (-3 - -9)?
5
What is the value of -15 + (452 - 433) + 23 + -1?
26
6 - ((-70 - -68) + (0 - -8) - -10)
-10
What is -3 - ((4 - (3 - 5 - -4)) + -3)?
-2
What is the value of (-4 - (2 - 2)) + 6 + -29 + 14?
-13
What is the value of (-2 - -1) + (11 - (-4 - (-6 - 0)))?
8
What is the value of (8 - 15 - -3) + (-39 - -17)?
-26
Calculate -34 + (56 - (-19 - -43)).
-2
Evaluate -19 + (-13 - (27 - 54)).
-5
Calculate (-3 + 1 - -4) + 12 + (6 - 9).
11
Calculate 4 - (-1 - -7 - (-15 + 19)).
2
Calculate 1 + 2 - (-180 - -182) - (-2 - -1).
2
Evaluate 3 + 5 + (-9 - 4).
-5
What is the value of (-3 - (1 + 0 + 0)) + -15?
-19
What is -5 + (-10 - -5) - -8?
-2
What is (23 - 6) + (24 - 34)?
7
Calculate 3 - (-12 + 4 + 2) - (11 + -10).
8
Calculate (-5 - (4 + -6)) + -2 - (-1 + -10).
6
What is the value of -22 + (1 - -6) - -8?
-7
Evaluate 10 + 2 + (-1 + -11 - -6) - -6.
12
(-8 - -5 - -4) + (3 - (-3 + 10))
-3
Evaluate -336 + 365 - (-1 - -19).
11
Calculate (-1 - -2 - 5) + (-57 - -51).
-10
-1 + (14 - -2) - (2 + -6 - -7)
12
What is the value of (-2 - 48) + 458 + -435?
-27
Evaluate (0 - -32 - (-28 - -26)) + 33 + -39.
28
Calculate (7 + -5 - -1) + 11 + (-3 - -3).
14
What is the value of -501 + 448 - (-39 - -3)?
-17
Calculate -1 + 4 + -2 - ((-36 - -19) + 18).
0
Calculate 41 + -16 + -31 - 3.
-9
What is the value of 85 + -68 + (0 - (-1 + 1) - 5)?
12
Evaluate -7 + (-2 - 1 - (-9 - (-20 + 14))).
-7
Evaluate 16 - (-2 - (16 - 25)) - -17.
26
(3 - -6) + -12 + -6 + 4
-5
What is 0 - (21 - 22 - (-2 - -3))?
2
17 - 1 - ((2 - 3) + (-23 - -25))
15
Evaluate -62 + 27 + 0 + 16.
-19
Evaluate 4 - -6 - (-3 - (0 + -11 - -1)).
3
What is -21 + 11 + 12 - (2 - 12)?
12
149 + -137 + -34 + 0
-22
-6 - (-6 - 5) - (-1 - -3)
3
What is the value of -11 - 2 - (-117 - -115)?
-11
(-2 - (6 + -5 - 1)) + 18
16
-13 + (5 - 0) + 4 - (-9 - -7)
-2
What is (-2 - (2 + -6)) + -28 + 12?
-14
What is the value of -5 - 12 - ((-14 - -9) + 12)?
-24
What is the value of (-9 - 20) + 11 + (11 - -2)?
-5
Evaluate (-1 + -6 - (-3 - 4)) + -1.
-1
What is 18 + (-35 - (-46 + 22))?
7
What is 32 - (22 + (18 - 24))?
16
What is the value of 15 + -43 + -5 - -14?
-19
-28 - -23 - (-2 - (-4 + 13))
6
Evaluate (-16 + -1 - (-12 - -3)) + -11.
-19
What is the value of -2 + (-6 - -9) + -4 - -14?
11
What is the value of 3 - 8 - (18 + (7 - (-6 - -10)))?
-26
-7 + -9 - (-2 + (-19 - -6))
-1
5 + -4 + -13 + -3
-15
(-9 + -12 - -27) + (1 - 7)
0
What is 9 - (54 - (-17 + 44 + -11))?
-29
39 + -45 - (-5 - -3)
-4
What is (15 - -4) + 10 - 20?
9
Evaluate -2 + (1 - 3) + (4 + 2 - 10).
-8
(12 - 27) + 9 - (-16 - -1)
9
7 + -5 + -16 + 23
9
-26 - (-15 + -34) - (-1 + 1 - 2)
25
7 - ((1 - -4) + (0 - -12))
-10
Calculate (11 + 2 - (-10 + 18)) + 6.
11
What is (-5 - -7) + (10 + -6 - 4)?
2
Calculate 1 - (-18 - (-10 - (-11 - (0 - -1)))).
21
Evaluate 7 - (18 - ((4 - 15) + 6)).
-16
8 + 2 + 21 + -12 + -3
16
2 + -1 + (-4 + 13 + 6 - 13)
3
Calculate 4 + 12 + -14 + (3 - 5).
0
What is -4 - (7 + (-5 - -8 - 2))?
-12
10 + (-2 - 2 - -1 - (6 - 9))
10
What is the value of (6 - (25 - 12)) + -3 + 1 + -1?
-10
Evaluate 207 + -203 + 0 + 3 + -1 + -6.
0
What is (4 + 22 - 0) + -9 + -7 + 18?
28
-30 + (11 - -15) + (-1 - -3) - 1
-3
-6 - (-42 - -14 - (0 + -3 - 1))
18
What is 1 + -14 + (1 - -7 - (-5 - -12))?
-12
What is -6 - (-6 + 6) - (4 - -2)?
-12
What is the value of 59 + -14 + -14 + (-7 - (-10 - 1))?
35
Calculate (11 - -2) + -13 - 11.
-11
What is the value of -14 - ((7 - 6) + -5) - (8 + -7)?
-11
(-1 - -6) + -2 + (-13 - (-43 - -16))
17
-5 - (-17 + 9) - (12 - -1)
-10
Evaluate -19 - (-35 + 21 - 12).
7
What is -45 + 51 - (30 + 2)?
-26
10 + (-25 - -4) - -19
8
What is the value of -1 - (-2 + (9 - 2)) - (-711 - -690)?
15
What is the value of 11 - (2 - (9 + 0 + (-8 - 29)))?
-19
Evaluate 8 - -3 - (23 - 22).
10
What is the value of -31 + 21 + (2 - 1 - (-3 + 6))?
-12
What is -30 + 29 + 56 - 34?
21
Evaluate -2 + (7 - 5) + (-5 - 3) + -3.
-11
Calculate -22 - ((-3 - (-1 + 0 + 0)) + -3).
-17
What is 6 + 8 + -22 + -6?
-14
What is the value of 0 - (4 + (3 - (6 - 14 - -15)))?
0
(-7 + 14 - 15 - 5) + -6 + 2
-17
(9 - 22) + 8 + (-3 - -18)
10
Evaluate (29 - 10) + (1 - 1 - 0).
19
(-35 - -16) + (-3 - 0) + 9
-13
What is the value of 4 + (-1 + 6 - (-5 + 4)) - 6?
4
Evaluate (2 - (-10 - (1 + 1))) + (-129 - -125).
10
What is (-2 - (2 - (-6 + 11 + -4))) + 16?
13
Evaluate 5 + (11 + -24 + 19 - (-9 - -31)).
-11
Calculate -1 + -9 + (-15 - (-7 - 3)).
-15
Evaluate (-6 + -5 - (-1 + -20)) + -4.
6
11 + (-8 - (-9 + -7) - 27 - 7)
-15
What is (-22 - (-3 + (13 - 5))) + 11?
-16
Evaluate 20 - (8 + 2 + -10 + 43 + -32).
9
Evaluate (4 - (0 - -2)) + (536 - 544).
-6
Calculate -14 + 1 - (-112 + 111).
-12
What is the value of -15 - (4 - (-4 - -2) - 0)?
-21
Calculate 10 - (-14 - (-16 - (-3 - 9))).
20
Calculate (9 - (-4 + 16)) + 4.
1
-6 + (-2 - 0) - 0
-8
Evaluate 2 - (6 - 0 - (-105 + 100)).
-9
Evaluate 3 + -1 + (-15 + 8 - 1) + 0.
-6
(-4 - -1) + (-3 - -7 - 9)
-8
Evaluate (-3 - 3) + (18 - (1 - (3 - 8))).
6
What is the value of -1 + (4 + (3 - 7) - 1)?
-2
-11 - (-16 + (0 - 17))
22
8 + 17 + -15 + (-8 - -22)
24
(-7 - 0 - -1) + 3 + (-1 - 5)
-9
Evaluate -4 + -1 + (-2 - -6).
-1
What is the value of 39 + -3 + 6 + -15 + (11 - 3)?
35
What is the value of (60 - 61) + 7 + 17?
23
Calculate (-35 - -18 - -28) + 8.
19
What is the value of (4 - -1) + (8 - 14 - 5 - 10)?
-16
Evaluate -2 + 1 + -4 + -25 + 28 + -9.
-11
2 + 6 + (15 - (-4 + 5) - 7)
15
Calculate (15 - 8) + 14 - 9 - -5.
17
What is the value of 2 + 11 + 15 + -40 - (1 - -3)?
-16
Evaluate 3 - 0 - (-35 - (-68 - -48)).
18
What is the value of (-5 - (4 - 3)) + (-2 + 4 - -1)?
-3
What is the value of (39 - 5) + (-6 - 13) - 43?
-28
What is 0 + -4 - ((0 - (-22 - -8)) + -9)?
-9
What is the value of 2 + -3 + (-3 - 5 - -1) + 5?
-3
What is 38 + (7 - (49 + -19))?
15
What is the value of -3 + -13 + 9 + -12?
-19
What is (625 - 632) + (1 + -2 - -1)?
-7
59 + -52 + (3 + -1 + -5 - 8)
-4
Evaluate 7 - (-13 + (12 - -7) + -4).
5
Calculate 6 - (-13 + (18 - 21)).
22
What is (33 - 1) + 406 + -414?
24
Calculate 2 - (12 + -5) - (5 - (-8 - -7)).
-11
What is -1 + 1 + 0 + 3 + 1 + 0?
4
Calculate (22 - 12 - 17) + (41 - 3).
31
88 + -64 - (-2 + 49)
-23
Calculate -1 + 25 + -2 - (2427 - 2426).
21
Evaluate 5 + -43 + 19 + -6.
-25
(-8 - 6 - (9 + -19)) + 5
1
What is (4 - 2 - -3) + 3 + 12 + -15?
5
Calculate 22 - (-6 - (19 - 13) - (-12 - -2)).
24
What is the value of (3 - (-4 - 3)) + (-19 - -19)?
10
Evaluate -11 - (-5 + 7 + -5) - 4.
-12
Calculate 12 - -2 - (-7 + 3) - (-51 - -42).
27
Evaluate 20 - (4 - 14 - (-17 - -1)).
14
What is (1 - 3 - 4) + 58 + -41?
11
Evaluate 315 - 303 - (4 - (-9 - 1)).
-2
14 - (8 + -4 + 9) - 10
-9
What is the value of -6 + -5 - (-5 + -14 - -10)?
-2
Evaluate 32 + -7 + (-2 - (0 + (2 - 7))).
28
What is the value of -7 + -7 + (23 - 0)?
9
Evaluate (-121 - -114) + (8 + 0 - 2).
-1
What is the value of 608 - 585 - (1 + 39)?
-17
(10 - -13) + -35 + -3
-15
What is the value of 3 + -31 + (-250 - -259)?
-19
Calculate 1 + -24 - -32 - (13 + 0).
-4
What is 5 + (-22 - -7 - 2) + -1?
-13
Calculate (-21 + 10 - -12 - 8) + 6.
-1
(-4 - 8) + (2 - (22 + -11))
-21
What is the value of 25 + (17 - 11) + -20?
11
0 + -27 - (1231 + -1266)
8
Calculate 0 + 9 + -1 + (-9 - 5).
-6
7 + (-11 + 2 + 9 - 8)
-1
What is the value of -8 - -1 - (67 - (-8 - -83))?
1
Calculate (2 - 10) + 2 - (-23 + 18) - 18.
-19
Calculate -52 + 48 + -4 + -12 + -1 + -7.
-28
Evaluate (-33 - -35) + 3 + 2 - (35 + -6).
-22
Evaluate -14 + 19 + (10 - 16) + -16.
-17
What is the value of -2 + -4 + -6 + -2 + 3?
-11
What is the value of (8 - 4) + 9 - (6 - 17)?
24
Calculate -32 + -3 + 57 + -29.
-7
Evaluate 405 + -420 + 0 + 14.
-1
Calculate (2 - (1 - -2)) + 306 + -312.
-7
(9 - 1 - 8) + 19 + -11
8
What is -19 + -18 + 21 + (-9 - 3)?
-28
-21 + -15 + 24 + 20
8
Calculate -4 - -14 - (0 - 2).
12
Evaluate 0 + 40 + -16 - (11 + -11).
24
What is 18 - (-16 - -7) - 57?
-30
-3 - (11 - 5 - -1)
-10
What is -3 + (-9 - (0 + 0) - (264 - 292))?
16
Calculate 6 + 7 + -25 - -4.
-8
12 - (15 - 11) - -5
13
8 - ((-10 - -28) + -14 + 17)
-13
(-2 - -3) + (-1 - -2) - (376 + -349)
-25
Calculate -17 + -28 + 15 + 9.
-21
What is 7 + (-1 - -1) + 0 + (-3 - 9)?
-5
Evaluate (-2 - -1) + (-5 - 4).
-10
Calculate -30 - -41 - (32 - (0 - -2)).
-19
What is (-2 - (-3 + 1)) + (-12 + 3 - 2)?
-11
-4 + 8 + (-13 - -9 - 1)
-1
9 - -1 - (-9 + 8 + -22)
33
Evalu